5
Let g(m) = m**3 - 3*m + 3. Suppose 2*n = -0*n + 44. Let d = -22 + n. Suppose 5*i + 6 - 16 = d. Calculate g(i).
5
Let u(w) = -32*w + 36*w + 2 - 11 - 27 - 3. What is u(11)?
5
Let r(l) = -l**2 + 2*l + 1. Let q(h) = h**3 + 2*h**2 - 2*h + 4. Let d be q(0). Determine r(d).
-7
Let t be (-16)/(-24) + 60/(-9). Let z(x) = 8*x - 8. What is z(t)?
-56
Let q(b) = 7*b + b**2 + 3*b - 4*b. Let c(s) = -s**3 - 6*s**2 + 7*s + 4. Let t be c(-7). Suppose -t*l = -3 + 23. Calculate q(l).
-5
Let t(r) be the third derivative of -r**4/12 + 3*r**3 + 411*r**2. Determine t(15).
-12
Let g(j) be the first derivative of 1/2*j**2 + 2*j - 1/4*j**4 + 1/3*j**3 - 3. What is g(2)?
0
Let j(w) = -2*w**3 - 14*w**2 - 8*w - 3. Let s be j(-6). Let n = 29 + s. Let c(u) = u**2 - 2*u - 1. Determine c(n).
-1
Let f(n) be the third derivative of -n**8/2880 + n**5/5 + 22*n**2. Let o(w) be the third derivative of f(w). Determine o(-1).
-7
Suppose 3*b = q - 191, 21 = 4*b + 3*q + 267. Let g = -75 - b. Let z(j) = -j**2 - 11*j + 11. What is z(g)?
-1
Let n(l) = -8 - 10 - 151*l - 148*l + 298*l. Determine n(-6).
-12
Let r(u) = -6*u - 5 + 0*u - u**2 + 5 + 4. Suppose -3*v = -4*v - 6. Let y be r(v). Let b(s) = -s**3 + 4*s**2 - 3*s. What is b(y)?
-12
Let n(h) be the first derivative of -2*h**3/3 + 38. Give n(-2).
-8
Let u(i) be the second derivative of -i**5/20 - 3*i**4/4 + i**3/3 - 3*i**2 + 137*i. Determine u(-9).
-24
Let v = 24 - 20. Suppose 5*d + 16 = 3*j, 4*j + 5*d - 1 + 3 = 0. Let g(p) = 3 + 1 - p + 1 - j. What is g(v)?
-1
Suppose -4*v = -8 - 8. Suppose -q + 4*q - v*h = 8, -q + 4*h + 8 = 0. Let n(g) = 5*g - 5. Let t(s) = -9*s + 11. Let y(f) = -7*n(f) - 4*t(f). Determine y(q).
-9
Let r(g) = g**3 - 7*g**2 - 7*g - 2. Let c(x) = 1 + 4*x - 5*x - 3. Let u be c(-6). Suppose -q = 5*p - 44, 2*p - 40 + u = -5*q. Calculate r(p).
6
Let h(a) = 50*a + 599. Let i be h(-12). Let y(q) = -45*q + 3. Let p(o) = -68*o + 5. Let n(l) = -5*p(l) + 8*y(l). Calculate n(i).
19
Let q(u) be the first derivative of 2*u**2 + 4*u - 1. Let r be (-16 + 11)*(-12)/10. Suppose -m - 3*h - 6 = 0, r*m - 2*m + 14 = -2*h. Give q(m).
-8
Let c(o) be the first derivative of 3 + 0*o**2 + 0*o**3 + 5/4*o**4 - o. Suppose -k - 2*k - 3 = 0. Calculate c(k).
-6
Let k(d) = -2*d**3 + 3*d**2 + d - 17. Let o(y) = -y**3 + y**2 + y - 9. Let u(v) = 6*k(v) - 11*o(v). Calculate u(5).
22
Let y(g) be the first derivative of -1/8*g**4 - 5/6*g**3 + 7 + 0*g + 3/2*g**2. Let z(w) be the second derivative of y(w). Determine z(-4).
7
Let n(s) = -s**2 + 8*s - 5. Let j(x) = -59*x - 581. Let p be j(-10). Give n(p).
-14
Let o = -4 - -7. Let g(z) be the first derivative of -z**6/120 + z**5/30 + z**4/12 + z**3/2 + 3*z**2 + 4. Let n(u) be the second derivative of g(u). Give n(o).
0
Let r(s) = s**2 + 6 + 194*s - 213*s + 19. Let c be r(18). Let f(x) = x**3 - 8*x**2 + 6*x + 8. Determine f(c).
1
Let w = 63 + -65. Let s be w/(-5) - (-27)/(-5). Let d(a) = -a**3 - 6*a**2 - 5*a - 4. Determine d(s).
-4
Let c(z) = 2*z - 52. Let w(s) = s**2 - 29*s + 229. Let k be w(13). What is c(k)?
-10
Let k(w) be the second derivative of w**3/3 + 2*w**2 + 3*w + 29. Calculate k(-4).
-4
Suppose d + 3 = 2*d. Suppose -4*c = -7*c - d. Let x(f) be the second derivative of -f**4/12 - f**3/3 - 1306*f. Give x(c).
1
Let t(r) = r**2 + 3*r + 8. Suppose 0 = -5*v + 10*v - 2*w + 27, -v = -3*w - 5. Determine t(v).
36
Suppose 0 = 5*y - 2*b - 67, y + b + 2*b = 10. Suppose 2*h + 7 = y. Let j(q) = q**3 - 3*q**2 + 4. What is j(h)?
4
Suppose -6*a = a - 14. Let i(k) = -10*k + 1 + 0*k - 2 - a*k. Calculate i(1).
-13
Let o(i) = i**3 + 3*i**2 - i - 3. Let c = -12 - -10. Let w be 5/c*2 - 6/(-3). What is o(w)?
0
Let q(t) = -t + 6. Let r be q(6). Let d be ((-6 - r) + 0 + 0)*-1. Let f(w) = w**2 - 8*w + 3. What is f(d)?
-9
Let w(p) = -p**2 + 1. Let g(t) = -t**3 - 4*t**2 - t - 5. Let m(h) = -2*h + 2. Let c be m(2). Let j(u) = c*w(u) - g(u). Let f = -8 + 2. What is j(f)?
-3
Suppose -2*o - 3 = -o. Let k(p) be the first derivative of p**6/180 + p**5/30 + 10*p**3/3 - 1. Let r(z) be the third derivative of k(z). Calculate r(o).
6
Let u(n) = n**3 - 6*n**2 - 7*n + 4. Suppose l + 8 = -5*g, -l - g + 0*g + 4 = 0. Determine u(l).
4
Let m(b) = -b**3 - 8*b**2 - 6*b + 9. Let p(h) = h**3 - h**2 + h. Let u be p(1). Suppose -7*t + u = 50. Give m(t).
2
Let s(n) be the first derivative of -2*n**3/3 - n**2/2 + n - 47. Give s(1).
-2
Let f(t) = t**2 - 9*t + 15. Let c(l) = -5*l**2 + 45*l - 79. Let h(r) = -2*c(r) - 11*f(r). Determine h(5).
13
Let g(y) = -1 + 5 + 3 - y. Determine g(0).
7
Let m(h) be the third derivative of -h**4/24 - h**3/2 - h**2. Let y = -22 - -20. What is m(y)?
-1
Let s(x) = -4*x + 3. Let y(c) be the second derivative of -c**3 + 5*c + 0 + c**2 + 1/12*c**4. Let a be y(6). What is s(a)?
-5
Let w(b) be the third derivative of -1/60*b**5 + 0*b - 7/6*b**3 + 13*b**2 - 1/24*b**4 + 0. Calculate w(0).
-7
Let r(u) = -u**2 + 3*u - 3. Suppose 24 = 7*o + o. Give r(o).
-3
Let r(v) = 28*v - 68*v + 28*v. Suppose -s = -2*s - 1. Give r(s).
12
Let l(v) be the first derivative of v**3/3 + v**2/2 + v + 2. Suppose -5*w = -2*z - 34, -w - w + z = -13. Suppose 12*p - 16*p = -w. Give l(p).
7
Let v be ((-6)/10)/((-10)/(-50)). Let b = v + 4. Let x(o) = o**2 - 1. Give x(b).
0
Let c(o) = 18*o + 67. Let r(k) = 13*k + 45. Let b(x) = 5*c(x) - 7*r(x). Determine b(22).
-2
Let x(g) = -11 + 0*g**2 + 6*g + 4*g**2 - 3*g**2 + 7. Let z(l) = -l**2 - 5*l + 8. Let d be z(-7). Give x(d).
-4
Let u(j) = 5*j - 4. Let g be (56/112)/((-3)/(-12)). What is u(g)?
6
Let a(i) = 5 - 80*i**2 - i**3 + 40*i**2 - 10*i + 51*i**2. Determine a(10).
5
Let b be (-4 - -3)*1 - -3. Suppose p + 11 = -4*q - 9, 2*p = -b*q - 16. Let m(i) = -1 - 5*i**3 + 5*i**3 + i + 4*i**2 + i**3 + 0*i**3. Determine m(p).
-5
Let o(z) be the third derivative of z**6/120 - 3*z**5/20 - 5*z**4/12 + z**3/6 + 5*z**2 + 2. Calculate o(10).
1
Let r(w) = 16*w - 2*w - 9 + 3 - w**2 + 6*w - 4*w. Give r(13).
33
Let o(n) = -4*n + 21. Let p be o(-4). Suppose 2 = -5*d + p. Let j(s) = s**2 - 10*s + 8. What is j(d)?
-13
Let u = -4 - -8. Let n(l) = -4*l - 2 + u + 6*l. Suppose -j + 16 - 14 = 0. Determine n(j).
6
Let w(i) = i + 9. Let t be w(-5). Let u(g) = -5 - g - 3 + 9. Let b(j) = -5*j + 8. Let c(m) = b(m) - 4*u(m). Give c(t).
0
Let a(f) = f**2 - 17*f - 22. Let c(p) = -p**3 - 42*p**2 + 44*p + 61. Let t be c(-43). Determine a(t).
-4
Let f be (2/(-5))/(1/10). Suppose 2*n = 2*q + 62, -5*n + 2*q = -156 - 8. Let w(x) = -x**3 + 15*x - 4*x**2 + 23*x + 5 - n*x. Determine w(f).
-11
Let d(p) = -5*p - 9 + 9 - 1 - 4 + 7. What is d(3)?
-13
Let y be 16/(-6)*(-3)/2. Let d(a) be the first derivative of 5/2*a**2 + 2/3*a**3 + a + 11 - 1/4*a**4. Calculate d(y).
-11
Let y(x) = 3*x. Let t be y(-2). Let z(b) = 13 - b**2 - 6*b**2 - b**3 - 2*b + b**2 - 5 + 3*b. Determine z(t).
2
Suppose 21 = 4*w - w - 2*a, 9 = 3*w + 2*a. Suppose -h = -w, 2*g - h + 29 = 5*g. Let j(u) = -u**2 + 8*u - 5. Determine j(g).
-5
Let n(j) = j**3 + 3*j**2 - 2*j + 1. Let y(q) = -q**2 - 4 + 5*q + 0 + 3*q - 6. Let u be y(7). What is n(u)?
7
Let f(v) = -v**3 - 3*v**2 + 30*v + 14. Suppose -86 = 44*b + 222. What is f(b)?
0
Let r(s) = -s**2 + 15*s + 2. Let y be r(15). Suppose 3*i = 2*i - 3, -y*p + 3*i = -9. Suppose p = 3*u - 4*u + 7. Let l(h) = -h**3 + 8*h**2 - 7*h. Calculate l(u).
0
Let x(d) be the first derivative of 7*d**2/2 - 25*d + 34. What is x(4)?
3
Let h(s) = 3 - 4*s + s**2 + s + 0. Let v(y) = 5*y - 25. Let k be v(5). Let l be (-1)/(1/(-3)) - k. What is h(l)?
3
Let f(m) be the first derivative of -2*m**3/3 + 3*m**2/2 - 2. Suppose 0*r + 15 = 3*r. Suppose 9 = 5*g + h, -3 = g - r*g - 5*h. What is f(g)?
-2
Let n(y) = -1238 + 2*y - 4*y + 1233. Suppose 5*b = 2*o - 16, 3*b = 2*b - 2*o - 8. What is n(b)?
3
Let v(y) be the second derivative of y**4/12 + 7*y**3/6 - 3*y**2 - 2*y. Suppose q + 4*q = -5*w - 20, 2*q = 3*w - 23. Determine v(q).
-6
Suppose -2*w + 4*q - 28 = -70, 0 = -4*w - 5*q + 19. Let b = w - 8. Let p(x) = 2 + x**2 + 5 - 4 - 4*x - 2. What is p(b)?
-2
Let u(g) = -5*g**2 - 2*g**3 + 4 + g**3 + 7*g + 2. Let i = 412 + -418. Determine u(i).
0
Let v(x) = -11*x**3 - x**2 - x + 1. Let g(b) = -b**3 + 8*b**2 + 17*b + 31. Let k be g(10). What is v(k)?
-12
Let b be (-14)/(-8) - (-1)/4. Let s(g) = 6 - 3*g + 2*g + b*g. Suppose -4*l - 19 = -o, 4*o = l + 2*l - 2. Determine s(l).
0
Suppose -y = 5*h - 18, 